the prime factors of 528.
2, 3, 11
List the prime factors of 232.
2, 29
List the prime factors of 1350.
2, 3, 5
List the prime factors of 1247.
29, 43
What are the prime factors of 214?
2, 107
What are the prime factors of 2411?
2411
What are the prime factors of 50184?
2, 3, 17, 41
List the prime factors of 76.
2, 19
List the prime factors of 30930.
2, 3, 5, 1031
List the prime factors of 3014.
2, 11, 137
What are the prime factors of 1308?
2, 3, 109
What are the prime factors of 1895?
5, 379
List the prime factors of 1369.
37
What are the prime factors of 6520?
2, 5, 163
What are the prime factors of 28144?
2, 1759
What are the prime factors of 635?
5, 127
What are the prime factors of 940?
2, 5, 47
List the prime factors of 85676.
2, 21419
List the prime factors of 7656.
2, 3, 11, 29
List the prime factors of 6608.
2, 7, 59
What are the prime factors of 9135?
3, 5, 7, 29
What are the prime factors of 50277?
3, 16759
What are the prime factors of 29177?
163, 179
What are the prime factors of 167?
167
What are the prime factors of 41928?
2, 3, 1747
What are the prime factors of 60?
2, 3, 5
What are the prime factors of 12400?
2, 5, 31
List the prime factors of 4176.
2, 3, 29
What are the prime factors of 27057?
3, 29, 311
What are the prime factors of 44743?
101, 443
List the prime factors of 674.
2, 337
List the prime factors of 1622.
2, 811
What are the prime factors of 3953?
59, 67
What are the prime factors of 4330?
2, 5, 433
List the prime factors of 33262.
2, 16631
List the prime factors of 1192.
2, 149
What are the prime factors of 14748?
2, 3, 1229
List the prime factors of 4982.
2, 47, 53
List the prime factors of 23216.
2, 1451
List the prime factors of 4258.
2, 2129
What are the prime factors of 792?
2, 3, 11
List the prime factors of 46.
2, 23
What are the prime factors of 992?
2, 31
What are the prime factors of 683?
683
List the prime factors of 26675.
5, 11, 97
What are the prime factors of 106464?
2, 3, 1109
List the prime factors of 84846.
2, 3, 79, 179
List the prime factors of 5951.
11, 541
List the prime factors of 2998.
2, 1499
What are the prime factors of 951?
3, 317
List the prime factors of 25483.
17, 1499
List the prime factors of 14415.
3, 5, 31
What are the prime factors of 61283?
61283
What are the prime factors of 14547?
3, 13, 373
List the prime factors of 1351.
7, 193
What are the prime factors of 7021?
7, 17, 59
List the prime factors of 35537.
35537
What are the prime factors of 72?
2, 3
List the prime factors of 2133.
3, 79
What are the prime factors of 1322?
2, 661
What are the prime factors of 13426?
2, 7, 137
What are the prime factors of 2746?
2, 1373
List the prime factors of 2361.
3, 787
What are the prime factors of 415?
5, 83
What are the prime factors of 18668?
2, 13, 359
What are the prime factors of 43900?
2, 5, 439
What are the prime factors of 825?
3, 5, 11
List the prime factors of 123986.
2, 47, 1319
List the prime factors of 5807.
5807
List the prime factors of 7492.
2, 1873
List the prime factors of 138971.
7, 19853
List the prime factors of 15519.
3, 7, 739
List the prime factors of 23436.
2, 3, 7, 31
What are the prime factors of 1210?
2, 5, 11
What are the prime factors of 6231?
3, 31, 67
What are the prime factors of 2216?
2, 277
List the prime factors of 865.
5, 173
What are the prime factors of 4921?
7, 19, 37
List the prime factors of 19493.
101, 193
What are the prime factors of 3470?
2, 5, 347
What are the prime factors of 32230?
2, 5, 11, 293
What are the prime factors of 7742?
2, 7, 79
List the prime factors of 25865.
5, 7, 739
What are the prime factors of 148?
2, 37
What are the prime factors of 34988?
2, 8747
List the prime factors of 1608.
2, 3, 67
What are the prime factors of 52024?
2, 7, 929
What are the prime factors of 1496?
2, 11, 17
List the prime factors of 2786.
2, 7, 199
List the prime factors of 496.
2, 31
What are the prime factors of 19237?
19237
List the prime factors of 1212.
2, 3, 101
List the prime factors of 71707.
71707
What are the prime factors of 429?
3, 11, 13
What are the prime factors of 2519?
11, 229
List the prime factors of 62960.
2, 5, 787
List the prime factors of 44269.
44269
What are the prime factors of 26015?
5, 11, 43
List the prime factors of 1003.
17, 59
List the prime factors of 100592.
2, 6287
List the prime factors of 652.
2, 163
List the prime factors of 3174.
2, 3, 23
What are the prime factors of 49911?
3, 127, 131
List the prime factors of 2382.
2, 3, 397
List the prime factors of 186228.
2, 3, 7, 739
What are the prime factors of 34453?
131, 263
List the prime factors of 36886.
2, 18443
List the prime factors of 144211.
17, 499
What are the prime factors of 5989?
53, 113
What are the prime factors of 1910?
2, 5, 191
What are the prime factors of 7344?
2, 3, 17
List the prime factors of 1987.
1987
What are the prime factors of 62240?
2, 5, 389
What are the prime factors of 34306?
2, 17, 1009
What are the prime factors of 2734?
2, 1367
List the prime factors of 12414.
2, 3, 2069
What are the prime factors of 11014?
2, 5507
What are the prime factors of 2598?
2, 3, 433
What are the prime factors of 4773?
3, 37, 43
What are the prime factors of 853?
853
What are the prime factors of 2046?
2, 3, 11, 31
List the prime factors of 31092.
2, 3, 2591
List the prime factors of 806.
2, 13, 31
What are the prime factors of 3652?
2, 11, 83
What are the prime factors of 7719?
3, 31, 83
What are the prime factors of 6124?
2, 1531
What are the prime factors of 5073?
3, 19, 89
What are the prime factors of 19793?
19793
What are the prime factors of 1789?
1789
List the prime factors of 588.
2, 3, 7
List the prime factors of 50.
2, 5
What are the prime factors of 2242?
2, 19, 59
List the prime factors of 45891.
3, 5099
List the prime factors of 69947.
113, 619
What are the prime factors of 6510?
2, 3, 5, 7, 31
What are the prime factors of 24234?
2, 3, 7, 577
What are the prime factors of 1509?
3, 503
List the prime factors of 109.
109
What are the prime factors of 12695?
5, 2539
What are the prime factors of 33761?
7, 13, 53
What are the prime factors of 688?
2, 43
What are the prime factors of 35952?
2, 3, 7, 107
List the prime factors of 374.
2, 11, 17
List the prime factors of 2879.
2879
List the prime factors of 3600.
2, 3, 5
List the prime factors of 295.
5, 59
What are the prime factors of 45986?
2, 22993
What are the prime factors of 633?
3, 211
What are the prime factors of 3277?
29, 113
What are the prime factors of 35431?
11, 3221
List the prime factors of 414.
2, 3, 23
What are the prime factors of 1777?
1777
List the prime factors of 96.
2, 3
What are the prime factors of 64402?
2, 13, 2477
What are the prime factors of 7789?
7789
What are the prime factors of 1171?
1171
List the prime factors of 1453.
1453
List the prime factors of 7176.
2, 3, 13, 23
What are the prime factors of 86220?
2, 3, 5, 479
List the prime factors of 769.
769
List the prime factors of 1121.
19, 59
List the prime factors of 10131.
3, 11, 307
List the prime factors of 45284.
2, 11321
What are the prime factors of 1029?
3, 7
What are the prime factors of 16994?
2, 29, 293
What are the prime factors of 1552?
2, 97
List the prime factors of 22237.
37, 601
List the prime factors of 12596.
2, 47, 67
What are the prime factors of 26320?
2, 5, 7, 47
What are the prime factors of 3856?
2, 241
List the prime factors of 1431.
3, 53
List the prime factors of 26.
2, 13
List the prime factors of 22538.
2, 59, 191
List the prime factors of 2295.
3, 5, 17
What are the prime factors of 1204?
2, 7, 43
What are the prime factors of 3188?
2, 797
List the prime factors of 1278.
2, 3, 71
What are the prime factors of 1539?
3, 19
What are the prime factors of 1106?
2, 7, 79
List the prime factors of 689.
13, 53
List the prime factors of 1830.
2, 3, 5, 61
List the prime factors of 1172.
2, 293
List the prime factors of 30016.
2, 7, 67
List the prime factors of 480.
2, 3, 5
List the prime factors of 14997.
3, 4999
List the prime factors of 7975.
5, 11, 29
List the prime factors of 11826.
2, 3, 73
List the prime factors of 7255.
5, 1451
List the prime factors of 4533.
3, 1511
List the prime factors of 30478.
2, 7, 311
List the prime factors of 75.
3, 5
What are the prime factors of 520